{"id":57,"date":"2015-03-30T23:20:08","date_gmt":"2015-03-30T21:20:08","guid":{"rendered":"http:\/\/aeis.workbox.de\/?page_id=57"},"modified":"2019-02-23T18:50:27","modified_gmt":"2019-02-23T17:50:27","slug":"trainingslager-willingen","status":"publish","type":"page","link":"http:\/\/www.arminia-eiskunstlauf.de\/?page_id=57","title":{"rendered":"Trainingslager Willingen"},"content":{"rendered":"<div>\n<p style=\"text-align: justify;\">Auch in den Sommerferien macht es unsere Abteilung m\u00f6glich, dass die aktiven Eiskunstl\u00e4ufer\/innen f\u00fcr 1 Woche auf dem Eis trainieren k\u00f6nnen. Dazu wird eine Eisfl\u00e4che in der Eissporthalle Willingen angemietet. Dort haben sie dann t\u00e4glich 2-4 Stunden f\u00fcr ihr Eiskunstlauftraining und 2 Stunde f\u00fcr das Trockentraining zur Verf\u00fcgung. Es werden neue K\u00fcren einstudiert oder es wird an Spr\u00fcngen und Pirouetten f\u00fcr die neue Saison gearbeitet.<\/p>\n<p style=\"text-align: justify;\">Die Freizeit kann jeder selber gestalten z. B. mit Chillen, Shoppen, Wandern, Schwimmen oder zur Sommerrodelbahn gehen usw.. Dieses Trainingslager wird schon seit vielen Jahren von uns angeboten, und die Kinder freuen sich immer wieder erneut darauf. Die Kosten f\u00fcr Unterkunft, Verpflegung sowie Trainer werden von den Teilnehmern selber getragen.<\/p>\n<p style=\"text-align: justify;\"><a href=\"https:\/\/www.willingen.de\/eis.html\">http:\/\/www.eissporthalle-willingen.de\/eiskunstlauf\/<\/a><\/p>\n<\/div>\n","protected":false},"excerpt":{"rendered":"<p>Auch in den Sommerferien macht es unsere Abteilung m\u00f6glich, dass die aktiven Eiskunstl\u00e4ufer\/innen f\u00fcr 1 Woche auf dem Eis trainieren k\u00f6nnen. Dazu wird eine Eisfl\u00e4che in der Eissporthalle Willingen angemietet. Dort haben sie dann t\u00e4glich 2-4 Stunden f\u00fcr ihr Eiskunstlauftraining und 2 Stunde f\u00fcr das Trockentraining zur Verf\u00fcgung. Es werden \u2026<\/p>\n<p class=\"continue-reading-button\"> <a class=\"continue-reading-link\" href=\"http:\/\/www.arminia-eiskunstlauf.de\/?page_id=57\">Mehr lesen<i class=\"crycon-right-dir\"><\/i><\/a><\/p>\n","protected":false},"author":1,"featured_media":0,"parent":0,"menu_order":0,"comment_status":"closed","ping_status":"closed","template":"","meta":{"footnotes":""},"class_list":["post-57","page","type-page","status-publish","hentry"],"_links":{"self":[{"href":"http:\/\/www.arminia-eiskunstlauf.de\/index.php?rest_route=\/wp\/v2\/pages\/57","targetHints":{"allow":["GET"]}}],"collection":[{"href":"http:\/\/www.arminia-eiskunstlauf.de\/index.php?rest_route=\/wp\/v2\/pages"}],"about":[{"href":"http:\/\/www.arminia-eiskunstlauf.de\/index.php?rest_route=\/wp\/v2\/types\/page"}],"author":[{"embeddable":true,"href":"http:\/\/www.arminia-eiskunstlauf.de\/index.php?rest_route=\/wp\/v2\/users\/1"}],"replies":[{"embeddable":true,"href":"http:\/\/www.arminia-eiskunstlauf.de\/index.php?rest_route=%2Fwp%2Fv2%2Fcomments&post=57"}],"version-history":[{"count":5,"href":"http:\/\/www.arminia-eiskunstlauf.de\/index.php?rest_route=\/wp\/v2\/pages\/57\/revisions"}],"predecessor-version":[{"id":1125,"href":"http:\/\/www.arminia-eiskunstlauf.de\/index.php?rest_route=\/wp\/v2\/pages\/57\/revisions\/1125"}],"wp:attachment":[{"href":"http:\/\/www.arminia-eiskunstlauf.de\/index.php?rest_route=%2Fwp%2Fv2%2Fmedia&parent=57"}],"curies":[{"name":"wp","href":"https:\/\/api.w.org\/{rel}","templated":true}]}}