{"id":38,"date":"2015-03-30T23:11:28","date_gmt":"2015-03-30T21:11:28","guid":{"rendered":"http:\/\/aeis.workbox.de\/?page_id=38"},"modified":"2020-01-29T14:10:29","modified_gmt":"2020-01-29T13:10:29","slug":"beitraege","status":"publish","type":"page","link":"http:\/\/www.arminia-eiskunstlauf.de\/?page_id=38","title":{"rendered":"Beitr\u00e4ge"},"content":{"rendered":"<div class=\"su-row\">\n<div class=\"su-column su-column-size-1-2\"><div class=\"su-column-inner su-u-clearfix su-u-trim\">\n<p>Familie<\/p>\n<p>Erwachsene ab 18 Jahren<\/p>\n<p>Jugendliche \/ Studenten<\/p>\n<p>Passive<\/p>\n<p>Aufnahmegeb\u00fchr<\/p>\n<\/div><\/div>\n<div class=\"su-column su-column-size-1-2\"><div class=\"su-column-inner su-u-clearfix su-u-trim\">\n<p>71,00 EUR<\/p>\n<p>56,00 EUR<\/p>\n<p>46,00 EUR<\/p>\n<p>32,00 EUR<\/p>\n<p>50,00 EUR<\/p>\n<\/div><\/div> <\/div>\n<p>Wollen Sie mehr als 1 Kind anmelden, w\u00e4hlen Sie bitte den Familienbeitrag!<br \/>\nIm Beitrag ist enthalten:<\/p>\n<ul>\n<li>freier Eisbahnzutritt w\u00e4hrend der Trainingszeiten<\/li>\n<li>1 x Gruppentraining pro Woche<\/li>\n<li>Teilnahme an den Kinderkursen<\/li>\n<\/ul>\n<p>Beim Familienbeitrag d\u00fcrfen alle Familienmitglieder die Eisbahn sowie diverse andere Angebote nutzen.<\/p>\n<p>Zusatzzahlungen werden verlangt f\u00fcr:<br \/>\nPrivattraining<\/p>\n<h4><span style=\"color: #ff0000;\">INFO<\/span> :\u00a0 Die urspr\u00fcngliche Warteliste f\u00fcr die Vereinsaufnahme wird aus organisatorischen Gr\u00fcnden aufgel\u00f6st! Ab sofort wird keine Warteliste f\u00fcr die Vereinsaufnahme mehr gef\u00fchrt!<\/h4>\n<h4>Aus Kapazit\u00e4tsgr\u00fcnden ist leider eine Vereinsaufnahme nicht m\u00f6glich!<\/h4>\n<h4>Der trotzdem n\u00f6tige Nachwuchs (Alter 3 bis 7 Jahre) wird im Rahmen der Kinderkurse von unseren Trainern individuell nach der Entwicklung und Leistung der Kinder rekrutiert und bei Bedarf aktiv angesprochen.<br \/>\nDaf\u00fcr bitten wir um Verst\u00e4ndnis.<\/h4>\n","protected":false},"excerpt":{"rendered":"<p>Wollen Sie mehr als 1 Kind anmelden, w\u00e4hlen Sie bitte den Familienbeitrag! Im Beitrag ist enthalten: freier Eisbahnzutritt w\u00e4hrend der Trainingszeiten 1 x Gruppentraining pro Woche Teilnahme an den Kinderkursen Beim Familienbeitrag d\u00fcrfen alle Familienmitglieder die Eisbahn sowie diverse andere Angebote nutzen. Zusatzzahlungen werden verlangt f\u00fcr: Privattraining INFO :\u00a0 Die \u2026<\/p>\n<p class=\"continue-reading-button\"> <a class=\"continue-reading-link\" href=\"http:\/\/www.arminia-eiskunstlauf.de\/?page_id=38\">Mehr lesen<i class=\"crycon-right-dir\"><\/i><\/a><\/p>\n","protected":false},"author":1,"featured_media":0,"parent":0,"menu_order":0,"comment_status":"closed","ping_status":"closed","template":"","meta":{"footnotes":""},"class_list":["post-38","page","type-page","status-publish","hentry"],"_links":{"self":[{"href":"http:\/\/www.arminia-eiskunstlauf.de\/index.php?rest_route=\/wp\/v2\/pages\/38","targetHints":{"allow":["GET"]}}],"collection":[{"href":"http:\/\/www.arminia-eiskunstlauf.de\/index.php?rest_route=\/wp\/v2\/pages"}],"about":[{"href":"http:\/\/www.arminia-eiskunstlauf.de\/index.php?rest_route=\/wp\/v2\/types\/page"}],"author":[{"embeddable":true,"href":"http:\/\/www.arminia-eiskunstlauf.de\/index.php?rest_route=\/wp\/v2\/users\/1"}],"replies":[{"embeddable":true,"href":"http:\/\/www.arminia-eiskunstlauf.de\/index.php?rest_route=%2Fwp%2Fv2%2Fcomments&post=38"}],"version-history":[{"count":8,"href":"http:\/\/www.arminia-eiskunstlauf.de\/index.php?rest_route=\/wp\/v2\/pages\/38\/revisions"}],"predecessor-version":[{"id":1584,"href":"http:\/\/www.arminia-eiskunstlauf.de\/index.php?rest_route=\/wp\/v2\/pages\/38\/revisions\/1584"}],"wp:attachment":[{"href":"http:\/\/www.arminia-eiskunstlauf.de\/index.php?rest_route=%2Fwp%2Fv2%2Fmedia&parent=38"}],"curies":[{"name":"wp","href":"https:\/\/api.w.org\/{rel}","templated":true}]}}