{"id":216,"date":"2015-03-31T23:22:19","date_gmt":"2015-03-31T21:22:19","guid":{"rendered":"http:\/\/aeis.workbox.de\/?page_id=216"},"modified":"2022-09-29T18:26:47","modified_gmt":"2022-09-29T16:26:47","slug":"herzlich-willkommen","status":"publish","type":"page","link":"http:\/\/www.arminia-eiskunstlauf.de\/","title":{"rendered":""},"content":{"rendered":"<h2 style=\"text-align: center;\"><strong><em><span style=\"color: #000080;\">Liebe Sportfreunde!<\/span><\/em><\/strong><\/h2>\n<h2 style=\"text-align: center;\"><strong><em><span style=\"color: #000080;\">Herzlich Willkommen auf unserer Homepage!<\/span><\/em><\/strong><\/h2>\n<h2 style=\"text-align: center;\"><strong><em><span style=\"color: #000080;\">Wir sind die Eiskunstlaufabteilung <\/span><\/em><\/strong><\/h2>\n<h2 style=\"text-align: center;\"><strong><em style=\"font-size: 1.2em;\"><span style=\"color: #000080;\">DSC Arminia Bielefeld!<\/span><\/em><\/strong><\/h2>\n<p>_______________________________________________________________________________________<\/p>\n<h1 style=\"text-align: center;\"><strong>\u00a0<\/strong><\/h1>\n<p><a href=\"http:\/\/www.arminia-eiskunstlauf.de\/wp-content\/uploads\/2019\/10\/IMG_0615.jpg\"><img loading=\"lazy\" decoding=\"async\" class=\"wp-image-1404 aligncenter\" src=\"http:\/\/www.arminia-eiskunstlauf.de\/wp-content\/uploads\/2019\/10\/IMG_0615-300x200.jpg\" alt=\"\" width=\"590\" height=\"393\" srcset=\"http:\/\/www.arminia-eiskunstlauf.de\/wp-content\/uploads\/2019\/10\/IMG_0615-300x200.jpg 300w, http:\/\/www.arminia-eiskunstlauf.de\/wp-content\/uploads\/2019\/10\/IMG_0615-768x512.jpg 768w, http:\/\/www.arminia-eiskunstlauf.de\/wp-content\/uploads\/2019\/10\/IMG_0615-1024x683.jpg 1024w, http:\/\/www.arminia-eiskunstlauf.de\/wp-content\/uploads\/2019\/10\/IMG_0615-150x100.jpg 150w\" sizes=\"auto, (max-width: 590px) 100vw, 590px\" \/><\/a><\/p>\n<h4><em>\u00a0_______________________________________________________________________<\/em><\/h4>\n<h1 style=\"text-align: center;\"><span style=\"color: #0000ff;\"><a href=\"http:\/\/www.arminia-eiskunstlauf.de\/wp-content\/uploads\/2022\/09\/PHOTO-2022-09-27-22-42-17.jpg\"><img loading=\"lazy\" decoding=\"async\" class=\"alignnone  wp-image-1987\" src=\"http:\/\/www.arminia-eiskunstlauf.de\/wp-content\/uploads\/2022\/09\/PHOTO-2022-09-27-22-42-17-169x300.jpg\" alt=\"\" width=\"480\" height=\"852\" srcset=\"http:\/\/www.arminia-eiskunstlauf.de\/wp-content\/uploads\/2022\/09\/PHOTO-2022-09-27-22-42-17-169x300.jpg 169w, http:\/\/www.arminia-eiskunstlauf.de\/wp-content\/uploads\/2022\/09\/PHOTO-2022-09-27-22-42-17-84x150.jpg 84w, http:\/\/www.arminia-eiskunstlauf.de\/wp-content\/uploads\/2022\/09\/PHOTO-2022-09-27-22-42-17.jpg 576w\" sizes=\"auto, (max-width: 480px) 100vw, 480px\" \/><\/a>\u00a0<\/span><\/h1>\n<h1>\u00a0<\/h1>\n<h1 style=\"text-align: center;\">\u00a0<\/h1>\n<p>\u00a0<\/p>\n<p>__________________________________________________________________________________________<\/p>\n<h1 style=\"text-align: center;\"><img loading=\"lazy\" decoding=\"async\" class=\"\" src=\"http:\/\/www.arminia-eiskunstlauf.de\/wp-content\/uploads\/2022\/09\/PHOTO-2022-09-27-22-45-27.jpg\" width=\"641\" height=\"1140\" \/><\/h1>\n<h1 style=\"text-align: center;\">\u00a0<\/h1>\n<p>\u00a0<\/p>\n<h3>___________________________________________________________<\/h3>\n<h3 style=\"text-align: center;\"><strong><em><a href=\"http:\/\/www.arminia-eiskunstlauf.de\/wp-content\/uploads\/2021\/10\/Uebersicht-Corona-Bedingungen-fuer-das-Training-2021-2022-2.pdf\">\u00dcbersicht Corona-Bedingungen f\u00fcr das Training 2021-2022<\/a><\/em><\/strong><\/h3>\n<h3 style=\"text-align: center;\"><strong><a href=\"http:\/\/www.arminia-eiskunstlauf.de\/wp-content\/uploads\/2021\/10\/selbst.-Training-2021-2022.pdf\"><em>Selbst\u00e4ndiges Training f\u00fcr AKTIVE <u>L\u00e4ufer\/innen<\/u> 2021-2022<\/em><\/a><\/strong><\/h3>\n<p>\u00a0<\/p>\n<p>____________________________________________________________________________________________<\/p>\n<h2 style=\"text-align: center;\"><span style=\"color: #3366ff;\">\u00a0<\/span><\/h2>\n<p>\u00a0<\/p>\n<p style=\"text-align: center;\"><a href=\"http:\/\/www.arminia-eiskunstlauf.de\/wp-content\/uploads\/2020\/02\/Landesmeisterschaft-2020.jpg\"><img loading=\"lazy\" decoding=\"async\" class=\"alignnone  wp-image-1612\" src=\"http:\/\/www.arminia-eiskunstlauf.de\/wp-content\/uploads\/2020\/02\/Landesmeisterschaft-2020-225x300.jpg\" alt=\"\" width=\"290\" height=\"386\" srcset=\"http:\/\/www.arminia-eiskunstlauf.de\/wp-content\/uploads\/2020\/02\/Landesmeisterschaft-2020-225x300.jpg 225w, http:\/\/www.arminia-eiskunstlauf.de\/wp-content\/uploads\/2020\/02\/Landesmeisterschaft-2020-113x150.jpg 113w, http:\/\/www.arminia-eiskunstlauf.de\/wp-content\/uploads\/2020\/02\/Landesmeisterschaft-2020.jpg 768w\" sizes=\"auto, (max-width: 290px) 100vw, 290px\" \/><\/a><\/p>\n<h4 style=\"text-align: center;\"><span style=\"color: #0000ff;\">Liebe Arminen!!! Liebe Sportfreunde!!!<\/span><br \/>Unser Verein konnte dieses Jahr in der Kategorie Anw\u00e4rter eine Landesmeisterin stellen. Leony Hinz erreichte den 1. Platz in Dortmund. Amely Hinz hat in der Kategorie Neulinge1 auch eine starke Leistung gezeigt, hat den 4. Platz von 21 Teilnehmern erreicht.<\/h4>\n<h4 style=\"text-align: center;\">Ein gro\u00dfer Dank geht an die Trainerin <br \/>Marina Reitenbach.<\/h4>\n<h4 style=\"text-align: center;\">Herzlichen Gl\u00fcckwunsch an Leony, Amely und Marina !!!<\/h4>\n<h4><em>\u00a0<\/em><\/h4>\n<p>_______________________________________________________________________________________<\/p>\n<h1 class=\"entry-title\" style=\"text-align: center;\"><span style=\"background-color: #ffffff; color: #ff0000;\"><strong>\u00a0 <\/strong><\/span><\/h1>\n<p><strong>\u00a0<\/strong><\/p>\n<h4>\u00a0<\/h4>\n<h4>\u00a0<\/h4>\n<p>Offizielle Seite bei Facebook : <a href=\"https:\/\/www.facebook.com\/Eiskunstlaufabteilung-DSC-Arminia-Bielefeld-749789658427818\/\">https:\/\/www.facebook.com\/Eiskunstlaufabteilung-DSC-Arminia-Bielefeld<\/a><\/p>\n<p>Offizielle Seite bei Instagram : <a href=\"https:\/\/www.instagram.com\/stars.on.ice.dsc.arminia\/\">https:\/\/www.instagram.com\/stars.on.ice.dsc.arminia\/<\/a><\/p>\n<p><strong>\u00a0<\/strong><\/p>\n\n\n<p><\/p>\n","protected":false},"excerpt":{"rendered":"<p>Liebe Sportfreunde! Herzlich Willkommen auf unserer Homepage! Wir sind die Eiskunstlaufabteilung DSC Arminia Bielefeld! _______________________________________________________________________________________ \u00a0 \u00a0_______________________________________________________________________ \u00a0 \u00a0 \u00a0 \u00a0 __________________________________________________________________________________________ \u00a0 \u00a0 ___________________________________________________________ \u00dcbersicht Corona-Bedingungen f\u00fcr das Training 2021-2022 Selbst\u00e4ndiges Training f\u00fcr AKTIVE L\u00e4ufer\/innen 2021-2022 \u00a0 ____________________________________________________________________________________________ \u00a0 \u00a0 Liebe Arminen!!! Liebe Sportfreunde!!!Unser Verein konnte dieses Jahr in \u2026<\/p>\n<p class=\"continue-reading-button\"> <a class=\"continue-reading-link\" href=\"http:\/\/www.arminia-eiskunstlauf.de\/\">Mehr lesen<i class=\"crycon-right-dir\"><\/i><\/a><\/p>\n","protected":false},"author":1,"featured_media":0,"parent":0,"menu_order":0,"comment_status":"closed","ping_status":"closed","template":"","meta":{"footnotes":""},"class_list":["post-216","page","type-page","status-publish","hentry"],"_links":{"self":[{"href":"http:\/\/www.arminia-eiskunstlauf.de\/index.php?rest_route=\/wp\/v2\/pages\/216","targetHints":{"allow":["GET"]}}],"collection":[{"href":"http:\/\/www.arminia-eiskunstlauf.de\/index.php?rest_route=\/wp\/v2\/pages"}],"about":[{"href":"http:\/\/www.arminia-eiskunstlauf.de\/index.php?rest_route=\/wp\/v2\/types\/page"}],"author":[{"embeddable":true,"href":"http:\/\/www.arminia-eiskunstlauf.de\/index.php?rest_route=\/wp\/v2\/users\/1"}],"replies":[{"embeddable":true,"href":"http:\/\/www.arminia-eiskunstlauf.de\/index.php?rest_route=%2Fwp%2Fv2%2Fcomments&post=216"}],"version-history":[{"count":447,"href":"http:\/\/www.arminia-eiskunstlauf.de\/index.php?rest_route=\/wp\/v2\/pages\/216\/revisions"}],"predecessor-version":[{"id":1996,"href":"http:\/\/www.arminia-eiskunstlauf.de\/index.php?rest_route=\/wp\/v2\/pages\/216\/revisions\/1996"}],"wp:attachment":[{"href":"http:\/\/www.arminia-eiskunstlauf.de\/index.php?rest_route=%2Fwp%2Fv2%2Fmedia&parent=216"}],"curies":[{"name":"wp","href":"https:\/\/api.w.org\/{rel}","templated":true}]}}